{"id":13,"date":"2024-01-31T23:45:42","date_gmt":"2024-01-31T22:45:42","guid":{"rendered":"https:\/\/agence31-architecte.fr\/wordpress\/?page_id=13"},"modified":"2024-01-31T23:45:42","modified_gmt":"2024-01-31T22:45:42","slug":"mentions-legales","status":"publish","type":"page","link":"https:\/\/agence31-architecte.fr\/?page_id=13","title":{"rendered":"Mentions l\u00e9gales"},"content":{"rendered":"\n<p><strong>Mentions L\u00e9gales<\/strong><\/p>\n\n\n\n<p><strong>Identification de l&rsquo;\u00e9diteur et de l&rsquo;h\u00e9bergeur du site<\/strong><\/p>\n\n\n\n<p>Le site <a href=\"https:\/\/agence31-architecte.fr\/\">https:\/\/agence31-architecte.fr<\/a> est \u00e9dit\u00e9 par la soci\u00e9t\u00e9 Agence 31 Architecte, Soci\u00e9t\u00e9 par actions simplifi\u00e9e au capital de 1 500,00 \u20ac, inscrite au Registre du Commerce et des Soci\u00e9t\u00e9s de Lille Metropole sous le num\u00e9ro B 823 768 288, dont le si\u00e8ge social est situ\u00e9 au 42 Rue de la Filature, 59350 Saint-Andr\u00e9-lez-Lille, France.<\/p>\n\n\n\n<p>Num\u00e9ro de t\u00e9l\u00e9phone : 03 20 70 50 83<\/p>\n\n\n\n<p>Num\u00e9ro SIREN : 823768288 <\/p>\n\n\n\n<p>Num\u00e9ro SIRET (si\u00e8ge) : 82376828800016 <\/p>\n\n\n\n<p>Num\u00e9ro TVA Intracommunautaire : FR83823768288<\/p>\n\n\n\n<p>Le Directeur de la publication est Quentin LOOF, joignable au 03 20 70 50 83<\/p>\n\n\n\n<p>Le site est h\u00e9berg\u00e9 par OVH, 2 rue Kellermann &#8211; 59100 Roubaix &#8211; France.<\/p>\n\n\n\n<p><strong>Propri\u00e9t\u00e9 intellectuelle<\/strong><\/p>\n\n\n\n<p>L&rsquo;ensemble de ce site rel\u00e8ve de la l\u00e9gislation fran\u00e7aise et internationale sur le droit d&rsquo;auteur et la propri\u00e9t\u00e9 intellectuelle. Tous les droits de reproduction sont r\u00e9serv\u00e9s, y compris pour les documents t\u00e9l\u00e9chargeables et les repr\u00e9sentations iconographiques et photographiques.<\/p>\n\n\n\n<p><strong>Responsabilit\u00e9<\/strong><\/p>\n\n\n\n<p>Le site <a href=\"https:\/\/agence31-architecte.fr\/\">https:\/\/agence31-architecte.fr<\/a> pr\u00e9sente l&rsquo;activit\u00e9 de la soci\u00e9t\u00e9 Agence 31 Architecte. Les informations fournies sur ce site sont pr\u00e9sent\u00e9es \u00e0 titre informatif et g\u00e9n\u00e9ral. Elles ne pr\u00e9tendent aucunement \u00e0 l&rsquo;exhaustivit\u00e9.<\/p>\n","protected":false},"excerpt":{"rendered":"<p>Mentions L\u00e9gales Identification de l&rsquo;\u00e9diteur et de l&rsquo;h\u00e9bergeur du site Le site https:\/\/agence31-architecte.fr est \u00e9dit\u00e9 par la soci\u00e9t\u00e9 Agence 31 Architecte, Soci\u00e9t\u00e9 par actions simplifi\u00e9e au capital de 1 500,00 \u20ac, inscrite au Registre du Commerce et des Soci\u00e9t\u00e9s de Lille Metropole sous le num\u00e9ro B 823 768 288, dont le si\u00e8ge social est situ\u00e9&hellip;&nbsp;<a href=\"https:\/\/agence31-architecte.fr\/?page_id=13\" class=\"\" rel=\"bookmark\">Lire la suite &raquo;<span class=\"screen-reader-text\">Mentions l\u00e9gales<\/span><\/a><\/p>\n","protected":false},"author":1,"featured_media":0,"parent":0,"menu_order":0,"comment_status":"closed","ping_status":"closed","template":"","meta":{"neve_meta_sidebar":"","neve_meta_container":"","neve_meta_enable_content_width":"","neve_meta_content_width":0,"neve_meta_title_alignment":"","neve_meta_author_avatar":"","neve_post_elements_order":"","neve_meta_disable_header":"","neve_meta_disable_footer":"","neve_meta_disable_title":"","footnotes":""},"class_list":["post-13","page","type-page","status-publish","hentry"],"_links":{"self":[{"href":"https:\/\/agence31-architecte.fr\/index.php?rest_route=\/wp\/v2\/pages\/13","targetHints":{"allow":["GET"]}}],"collection":[{"href":"https:\/\/agence31-architecte.fr\/index.php?rest_route=\/wp\/v2\/pages"}],"about":[{"href":"https:\/\/agence31-architecte.fr\/index.php?rest_route=\/wp\/v2\/types\/page"}],"author":[{"embeddable":true,"href":"https:\/\/agence31-architecte.fr\/index.php?rest_route=\/wp\/v2\/users\/1"}],"replies":[{"embeddable":true,"href":"https:\/\/agence31-architecte.fr\/index.php?rest_route=%2Fwp%2Fv2%2Fcomments&post=13"}],"version-history":[{"count":1,"href":"https:\/\/agence31-architecte.fr\/index.php?rest_route=\/wp\/v2\/pages\/13\/revisions"}],"predecessor-version":[{"id":14,"href":"https:\/\/agence31-architecte.fr\/index.php?rest_route=\/wp\/v2\/pages\/13\/revisions\/14"}],"wp:attachment":[{"href":"https:\/\/agence31-architecte.fr\/index.php?rest_route=%2Fwp%2Fv2%2Fmedia&parent=13"}],"curies":[{"name":"wp","href":"https:\/\/api.w.org\/{rel}","templated":true}]}}

Mentions légales

<p><strong>Mentions Légales</strong></p>



<p><strong>Identification de l&rsquo;éditeur et de l&rsquo;hébergeur du site</strong></p>



<p>Le site <a href="https://agence31-architecte.fr/">https://agence31-architecte.fr</a> est édité par la société Agence 31 Architecte, Société par actions simplifiée au capital de 1 500,00 €, inscrite au Registre du Commerce et des Sociétés de Lille Metropole sous le numéro B 823 768 288, dont le siège social est situé au 42 Rue de la Filature, 59350 Saint-André-lez-Lille, France.</p>



<p>Numéro de téléphone : 03 20 70 50 83</p>



<p>Numéro SIREN : 823768288 </p>



<p>Numéro SIRET (siège) : 82376828800016 </p>



<p>Numéro TVA Intracommunautaire : FR83823768288</p>



<p>Le Directeur de la publication est Quentin LOOF, joignable au 03 20 70 50 83</p>



<p>Le site est hébergé par OVH, 2 rue Kellermann &#8211; 59100 Roubaix &#8211; France.</p>



<p><strong>Propriété intellectuelle</strong></p>



<p>L&rsquo;ensemble de ce site relève de la législation française et internationale sur le droit d&rsquo;auteur et la propriété intellectuelle. Tous les droits de reproduction sont réservés, y compris pour les documents téléchargeables et les représentations iconographiques et photographiques.</p>



<p><strong>Responsabilité</strong></p>



<p>Le site <a href="https://agence31-architecte.fr/">https://agence31-architecte.fr</a> présente l&rsquo;activité de la société Agence 31 Architecte. Les informations fournies sur ce site sont présentées à titre informatif et général. Elles ne prétendent aucunement à l&rsquo;exhaustivité.</p>

<p>Mentions Légales Identification de l&rsquo;éditeur et de l&rsquo;hébergeur du site Le site https://agence31-architecte.fr est édité par la société Agence 31 Architecte, Société par actions simplifiée au capital de 1 500,00 €, inscrite au Registre du Commerce et des Sociétés de Lille Metropole sous le numéro B 823 768 288, dont le siège social est situé&hellip;&nbsp;<a href="https://agence31-architecte.fr/?page_id=13" class="" rel="bookmark">Lire la suite &raquo;<span class="screen-reader-text">Mentions légales</span></a></p>
